s divided by i(h).
0
Suppose -6*z + 6 = -4*z. Suppose q - z*g = -5*g + 27, 2*q + 3*g - 58 = 0. What is the remainder when q is divided by 9?
8
Let j(n) = 2*n**2 - 2*n - 2. Calculate the remainder when (15/(-9))/(-5)*195 is divided by j(-3).
21
Let s = 3 - -4. Let m(y) = -y**3 - 5*y**2 - 6*y - 3. Calculate the remainder when m(-5) is divided by s.
6
Suppose 0 = -5*u - 4*l + 154, -3*u + 5*l = -19 - 66. Suppose -5*c + u = -3*c. Let b = -6 + c. Calculate the remainder when 25 is divided by b.
7
Suppose -3*i = -202 - 74. What is the remainder when i is divided by 31?
30
Let h be (-17)/4 - (-9)/(-12). Let d = 23 + h. What is the remainder when 35 is divided by d?
17
Let y be 7/2 - (-21)/(-14). Let v = y - -4. What is the remainder when 15 is divided by v?
3
Suppose 2 + 2 = 4*t, 2*t = -j + 15. What is the remainder when j is divided by 7?
6
Let q = 33 - 15. Let m be (8/6)/((-1)/(-3)). Suppose m*s = c + 35 + q, -5*s + c = -66. Calculate the remainder when 37 is divided by s.
11
Let n = -134 + 152. Suppose 5*z = -5 - 0. Calculate the remainder when n is divided by ((-1)/(-2) + z)*-10.
3
Let m(b) = 4*b. Let r(f) = -f**3 - 7*f**2 - 7*f - 6. Let v be r(-6). Suppose 4*p = h + 4*h + 37, -h - 5 = v. Calculate the remainder when 34 is divided by m(p).
10
Let s(k) = 17*k**2 + k + 1. What is the remainder when 302/6 + (-2)/6 is divided by s(-1)?
16
Let h(u) = -u + 19. Calculate the remainder when h(0) is divided by (-30)/6*(-7)/5.
5
Let m(d) = 1 + 3 + 1 + 4*d - 6. Calculate the remainder when 6 is divided by m(1).
0
Let v(u) = -4*u - 1. Calculate the remainder when 42 is divided by v(-4).
12
Let c(s) = -s**3 - 9*s**2 + 8. Suppose 0 = -z + 4 + 43. Calculate the remainder when z is divided by c(-9).
7
Let z(b) = -5*b + 4. Let f be z(-5). Suppose 4*u + 14 = 5*t, 5*t - 9 - f = -2*u. Calculate the remainder when 17 is divided by t.
5
Let u = 2 - -6. What is the remainder when u is divided by 6 - (3/3 + 0)?
3
Suppose o + 4*o = 45. Suppose -q + k - 22 = 0, -7 = q - 5*k + 11. Let c = q - -39. What is the remainder when c is divided by o?
7
Let r(g) = -5 - 10*g + 4*g**2 + 0*g**2 - 5*g**2. Let z = -9 - -15. What is the remainder when z is divided by r(-9)?
2
Suppose -t + 5*b = 3*b - 35, -5*t - 5*b = -100. Suppose 0 = -3*w - w + 68. Suppose -53 - w = -5*s. What is the remainder when t is divided by s?
11
Let m = -14 + 60. Calculate the remainder when m is divided by 7.
4
Let i = -5 + 9. Suppose i*a = 2*d + 146, -a + 4*a = 5*d + 127. Calculate the remainder when a is divided by 6/(1*(-1)/(-2)).
10
What is the remainder when -5 + 6 + -26*1/(-1) is divided by 11?
5
Let v(d) be the first derivative of 2*d**2 - d + 5. What is the remainder when v(9) is divided by 18?
17
Let j(h) = h**3 - 2*h**2 + 7*h - 5. Suppose 5*o = -13 - 17. Let a be (0 + 3)/o*-8. What is the remainder when j(a) is divided by 19?
17
Let m(j) = -j**2 + 3*j + 8. Let t(g) = 1. Let x(z) = -m(z) + 5*t(z). Calculate the remainder when x(5) is divided by 4.
3
Let x(l) = l**2 + 5*l. Let t be (1 - 2/1) + -3. Let i be x(t). Calculate the remainder when ((-35)/2)/(2/i) is divided by 12.
11
Let t(j) = -j**3 - 2*j - 1. Let d be 0 - (-3)/(6/(-4)). Calculate the remainder when t(d) is divided by 4.
3
Let i = 16 + -14. What is the remainder when 4 is divided by i?
0
Calculate the remainder when 28 is divided by (-9)/(-18) - (21/(-2) + 2).
1
Let p = 2 - -1. Let a(t) = t - 2. Let l = -5 - -7. What is the remainder when l is divided by a(p)?
0
Suppose 2*p - 12 = 4*q, -2*p + 0*p = q - 32. Suppose -5*a - 105 + 20 = 0. Let o = 44 + a. What is the remainder when o is divided by p?
13
Suppose 0 = -0*k - k + 2*b + 16, 3*k = -5*b + 70. Calculate the remainder when k is divided by (-2)/4 - (114/(-12) + -2).
9
What is the remainder when 67 is divided by (-45)/(-2) + 4/8?
21
Suppose -7 = -f + 48. Let x = -61 - -32. Let g = f + x. What is the remainder when g is divided by 9?
8
Let g = 5 - -2. Suppose 0 = 5*d + 3*q - 70, 0*q - g = -2*d + 3*q. Calculate the remainder when 32 is divided by d.
10
Let q be (-134)/(-10) + (-12)/(-20). Suppose 0 = -3*r - 5*b + 43, 0*r + 4*b = 2*r - q. What is the remainder when 31 is divided by r?
9
Suppose -3*d + 111 = 2*n, n - 65 + 14 = -3*d. Let w = n + -42. Let o = w + -2. Calculate the remainder when 47 is divided by o.
15
What is the remainder when 35 is divided by (-1 + (-18)/(-24))/((-2)/104)?
9
Let u(v) = 8*v + 5. Calculate the remainder when u(4) is divided by 20.
17
Let z(x) = x**3 + 2*x**2 - x - 1. Suppose 2*w + 4 = -0*w. Let f be z(w). Calculate the remainder when 2 is divided by (2 - f) + 4 + -3.
0
Let t(l) = l**3 + 11*l**2 + 13*l - 16. What is the remainder when t(-7) is divided by 9?
8
Let v be (15/2)/(15/20). Suppose -c - 2*h = -v, -3*c + 3 + 0 = -3*h. Suppose 4*a + 6 = 2*i, 3*i - a = -2*i + 51. Calculate the remainder when i is divided by c.
3
Suppose 4*t - 22 = -5*k, 4*k + 2 - 24 = -t. Suppose k*d = d + 45. What is the remainder when d is divided by (-5)/4*(11 + -15)?
4
Let s(d) = -d**2 + d - 1. Let t be s(3). Let b(r) = 7*r**2 - 9*r + 4. Calculate the remainder when (t/2 + -1)*-6 is divided by b(2).
13
Suppose 0 = -3*j - 0*j + 4*y + 281, 5*j - 3*y = 483. Suppose -3*q - 3 = -j. What is the remainder when q is divided by 11?
10
Let m(h) = 2*h - 8. Let j(w) = w**3 - 6*w**2 - 5*w - 12. What is the remainder when m(7) is divided by j(7)?
0
Let d = -15 - -21. Let w(v) = -4*v - 6. What is the remainder when w(-7) is divided by d?
4
Let t(f) = 3 + 1 + 4*f**2 + 2*f - 3. What is the remainder when 6/(-18) - 26/(-6) is divided by t(-1)?
1
Suppose -10 = -4*y + 5*g, 2*y + g = -0*y - 2. Suppose y = -o - 0*o + 5. Let z = -10 + 18. What is the remainder when z is divided by o?
3
Let f = 31 - 24. What is the remainder when 20 is divided by f?
6
Let r(y) = y**2 + y - 4. What is the remainder when ((-15)/2)/(-4 - 35/(-10)) is divided by r(3)?
7
Suppose 0*y - 4*y = -12. Let p be (-3)/1*(-3 + 2). Suppose -5*q + p*q = -8. What is the remainder when q is divided by y?
1
Let w(k) = k**2 - k - 3. Let r be w(3). Suppose 2*b = -r*b + 70. Suppose -7*n + 216 = n. What is the remainder when n is divided by b?
13
Suppose 3*t = t - s + 105, 4*t - s - 213 = 0. Calculate the remainder when t is divided by 12.
5
What is the remainder when 64 is divided by (-2 + -1)/((-3)/17)?
13
Let m(i) = 8*i + 3. Suppose -20 = 5*l, 0 = 4*f - f - 3*l - 48. What is the remainder when m(f) is divided by 34?
31
Let d = 3 + -2. Let v = -3 + 7. Suppose 0 = -5*s - 3*w + 25, 26 = -2*s + 5*s + v*w. What is the remainder when s is divided by d?
0
Let d(f) = 8*f - 2. What is the remainder when 40 is divided by d(2)?
12
Suppose -4*m + a + 53 = 0, -8 = -5*m + 2*a + 56. Calculate the remainder when 32 is divided by m.
4
Let z = 42 + -22. Suppose 9 = -3*x + 4*x - 5*m, -x = 3*m - 1. Suppose -2*p + 6*f = 2*f - 112, 2*p = -x*f + 120. What is the remainder when p is divided by z?
18
Suppose 0 = 4*b + 3*f - 131, -4*f + 101 = 3*b + f. Calculate the remainder when 93 is divided by b.
29
Let d(b) = b**2 - 7*b + 10. Let m be d(7). Let n = m - 4. What is the remainder when 11 is divided by n?
5
Let w = 16 - 13. Suppose -2*q = -w*q + 16. What is the remainder when q is divided by 5?
1
Suppose 5*s - 2 = 3. Suppose -9 = -5*l + s, 5*v - 11 = 2*l. Suppose v = 5*j - 12. Calculate the remainder when 5 is divided by j.
2
Let o be (-1)/(0 + 1/(-2)). Let a = o + 1. Calculate the remainder when a is divided by 2.
1
What is the remainder when 5463/51 + (-12)/102 is divided by 18?
17
Let p(u) = -u**3 - 3*u**2 - 2*u - 3. Let i be p(-5). Suppose -x - i = -4*x. What is the remainder when x is divided by (1/(-2))/(1/(-14))?
5
Let i(j) = 10*j + 10. Calculate the remainder when i(3) is divided by 14.
12
Let a = 3 - -17. Suppose 0 = 4*c + 104 - 336. What is the remainder when c is divided by a?
18
Let r(m) = -m**2 - m. Let j(u) = -3*u**2 + 5*u - 9. Let z(p) = -j(p) + 2*r(p). What is the remainder when 4 is divided by z(6)?
1
Let d = 1 - -1. Suppose 5 - 1 = -d*a. Calculate the remainder when a - 0 - -2 - -23 is divided by 8.
7
Suppose -48 = -j + 5*w, -2*j - 9 = 4*w - 49. Suppose 7*f = 5*f + j. What is the remainder when 55 is divided by f?
13
Suppose -4*d = -171 - 49. Calculate the remainder when d is divided by 14.
13
Suppose 0 = -7*l + 5*l + 8. Suppose -2*c + 120 = -l*m, m = 